{"id":493,"date":"2022-09-26T13:13:23","date_gmt":"2022-09-26T13:13:23","guid":{"rendered":"https:\/\/risquepays.gouv.cd\/statistics\/?page_id=493"},"modified":"2023-06-26T11:14:40","modified_gmt":"2023-06-26T11:14:40","slug":"publication-officielles-des-autorites-2","status":"publish","type":"page","link":"https:\/\/risquepays.gouv.cd\/statistics\/index.php\/publication-officielles-des-autorites-2\/","title":{"rendered":"Documents cadres et autre rapports strat\u00e9giques"},"content":{"rendered":"\t\t<div data-elementor-type=\"wp-page\" data-elementor-id=\"493\" class=\"elementor elementor-493\" data-elementor-post-type=\"page\">\n\t\t\t\t\t\t\t\t\t<section class=\"elementor-section elementor-top-section elementor-element elementor-element-5957b36 elementor-section-full_width elementor-section-stretched elementor-section-height-default elementor-section-height-default\" data-id=\"5957b36\" data-element_type=\"section\" data-settings=\"{&quot;stretch_section&quot;:&quot;section-stretched&quot;,&quot;background_background&quot;:&quot;classic&quot;}\">\n\t\t\t\t\t\t<div class=\"elementor-container elementor-column-gap-default\">\n\t\t\t\t\t<div class=\"elementor-column elementor-col-100 elementor-top-column elementor-element elementor-element-a71ca2a\" data-id=\"a71ca2a\" data-element_type=\"column\" data-settings=\"{&quot;background_background&quot;:&quot;classic&quot;}\">\n\t\t\t<div class=\"elementor-widget-wrap elementor-element-populated\">\n\t\t\t\t\t\t\t\t<section class=\"elementor-section elementor-inner-section elementor-element elementor-element-5984f54 elementor-section-full_width elementor-section-height-default elementor-section-height-default\" data-id=\"5984f54\" data-element_type=\"section\">\n\t\t\t\t\t\t<div class=\"elementor-container elementor-column-gap-default\">\n\t\t\t\t\t<div class=\"elementor-column elementor-col-100 elementor-inner-column elementor-element elementor-element-91283ad\" data-id=\"91283ad\" data-element_type=\"column\">\n\t\t\t<div class=\"elementor-widget-wrap elementor-element-populated\">\n\t\t\t\t\t\t\t\t<div class=\"elementor-element elementor-element-3f9d9de elementor-widget-laptop__width-initial elementor-widget elementor-widget-heading\" data-id=\"3f9d9de\" data-element_type=\"widget\" data-widget_type=\"heading.default\">\n\t\t\t\t<div class=\"elementor-widget-container\">\n\t\t\t<style>\/*! elementor - v3.15.0 - 09-08-2023 *\/\n.elementor-heading-title{padding:0;margin:0;line-height:1}.elementor-widget-heading .elementor-heading-title[class*=elementor-size-]>a{color:inherit;font-size:inherit;line-height:inherit}.elementor-widget-heading .elementor-heading-title.elementor-size-small{font-size:15px}.elementor-widget-heading .elementor-heading-title.elementor-size-medium{font-size:19px}.elementor-widget-heading .elementor-heading-title.elementor-size-large{font-size:29px}.elementor-widget-heading .elementor-heading-title.elementor-size-xl{font-size:39px}.elementor-widget-heading .elementor-heading-title.elementor-size-xxl{font-size:59px}<\/style><h2 class=\"elementor-heading-title elementor-size-default\">Documents cadres et autres rapports <span class=\"bleu-span\" \"=\"\"> strat\u00e9giques <\/span><\/h2>\t\t<\/div>\n\t\t\t\t<\/div>\n\t\t\t\t\t<\/div>\n\t\t<\/div>\n\t\t\t\t\t\t\t<\/div>\n\t\t<\/section>\n\t\t\t\t<section class=\"elementor-section elementor-inner-section elementor-element elementor-element-f3d9feb elementor-section-full_width elementor-section-height-default elementor-section-height-default\" data-id=\"f3d9feb\" data-element_type=\"section\">\n\t\t\t\t\t\t<div class=\"elementor-container elementor-column-gap-no\">\n\t\t\t\t\t<div class=\"elementor-column elementor-col-25 elementor-inner-column elementor-element elementor-element-a23850d\" data-id=\"a23850d\" data-element_type=\"column\" data-settings=\"{&quot;background_background&quot;:&quot;classic&quot;}\">\n\t\t\t<div class=\"elementor-widget-wrap\">\n\t\t\t\t\t\t\t\t\t<\/div>\n\t\t<\/div>\n\t\t\t\t<div class=\"elementor-column elementor-col-25 elementor-inner-column elementor-element elementor-element-6a9ef87\" data-id=\"6a9ef87\" data-element_type=\"column\" data-settings=\"{&quot;background_background&quot;:&quot;classic&quot;}\">\n\t\t\t<div class=\"elementor-widget-wrap\">\n\t\t\t\t\t\t\t\t\t<\/div>\n\t\t<\/div>\n\t\t\t\t<div class=\"elementor-column elementor-col-25 elementor-inner-column elementor-element elementor-element-e9cb404\" data-id=\"e9cb404\" data-element_type=\"column\" data-settings=\"{&quot;background_background&quot;:&quot;classic&quot;}\">\n\t\t\t<div class=\"elementor-widget-wrap\">\n\t\t\t\t\t\t\t\t\t<\/div>\n\t\t<\/div>\n\t\t\t\t<div class=\"elementor-column elementor-col-25 elementor-inner-column elementor-element elementor-element-f4968ae\" data-id=\"f4968ae\" data-element_type=\"column\" data-settings=\"{&quot;background_background&quot;:&quot;classic&quot;}\">\n\t\t\t<div class=\"elementor-widget-wrap\">\n\t\t\t\t\t\t\t\t\t<\/div>\n\t\t<\/div>\n\t\t\t\t\t\t\t<\/div>\n\t\t<\/section>\n\t\t\t\t<section class=\"elementor-section elementor-inner-section elementor-element elementor-element-8ab8252 elementor-section-full_width elementor-section-height-default elementor-section-height-default\" data-id=\"8ab8252\" data-element_type=\"section\">\n\t\t\t\t\t\t<div class=\"elementor-container elementor-column-gap-no\">\n\t\t\t\t\t<div class=\"elementor-column elementor-col-33 elementor-inner-column elementor-element elementor-element-ce533b6\" data-id=\"ce533b6\" data-element_type=\"column\" data-settings=\"{&quot;background_background&quot;:&quot;classic&quot;}\">\n\t\t\t<div class=\"elementor-widget-wrap elementor-element-populated\">\n\t\t\t\t\t\t\t\t<div class=\"elementor-element elementor-element-933293a elementor-widget elementor-widget-heading\" data-id=\"933293a\" data-element_type=\"widget\" data-widget_type=\"heading.default\">\n\t\t\t\t<div class=\"elementor-widget-container\">\n\t\t\t<h2 class=\"elementor-heading-title elementor-size-default\">Plan National Strate\u0301gique de De\u0301veloppement 2019-2023<\/h2>\t\t<\/div>\n\t\t\t\t<\/div>\n\t\t\t\t<div class=\"elementor-element elementor-element-bec018d elementor-widget elementor-widget-image\" data-id=\"bec018d\" data-element_type=\"widget\" data-widget_type=\"image.default\">\n\t\t\t\t<div class=\"elementor-widget-container\">\n\t\t\t<style>\/*! elementor - v3.15.0 - 09-08-2023 *\/\n.elementor-widget-image{text-align:center}.elementor-widget-image a{display:inline-block}.elementor-widget-image a img[src$=\".svg\"]{width:48px}.elementor-widget-image img{vertical-align:middle;display:inline-block}<\/style>\t\t\t\t\t\t\t\t\t\t\t\t<img loading=\"lazy\" decoding=\"async\" width=\"1024\" height=\"654\" src=\"https:\/\/risquepays.gouv.cd\/statistics\/wp-content\/uploads\/2022\/09\/Plan-directeur-dindustralisation-1024x654.png\" class=\"attachment-large size-large wp-image-659\" alt=\"\" srcset=\"https:\/\/risquepays.gouv.cd\/statistics\/wp-content\/uploads\/2022\/09\/Plan-directeur-dindustralisation-1024x654.png 1024w, https:\/\/risquepays.gouv.cd\/statistics\/wp-content\/uploads\/2022\/09\/Plan-directeur-dindustralisation-300x192.png 300w, https:\/\/risquepays.gouv.cd\/statistics\/wp-content\/uploads\/2022\/09\/Plan-directeur-dindustralisation-768x491.png 768w, https:\/\/risquepays.gouv.cd\/statistics\/wp-content\/uploads\/2022\/09\/Plan-directeur-dindustralisation.png 1240w\" sizes=\"auto, (max-width: 1024px) 100vw, 1024px\" \/>\t\t\t\t\t\t\t\t\t\t\t\t\t\t\t<\/div>\n\t\t\t\t<\/div>\n\t\t\t\t<div class=\"elementor-element elementor-element-4774900 elementor-align-center elementor-widget elementor-widget-button\" data-id=\"4774900\" data-element_type=\"widget\" data-widget_type=\"button.default\">\n\t\t\t\t<div class=\"elementor-widget-container\">\n\t\t\t\t\t<div class=\"elementor-button-wrapper\">\n\t\t\t<a class=\"elementor-button elementor-button-link elementor-size-md\" href=\"https:\/\/risquepays.gouv.cd\/statistics\/wp-content\/uploads\/2022\/09\/Plan-National-Strat\u201agique-de-D\u201aveloppement-2019-2023.pdf\">\n\t\t\t\t\t\t<span class=\"elementor-button-content-wrapper\">\n\t\t\t\t\t\t<span class=\"elementor-button-text\">T\u00e9l\u00e9chargement <\/span>\n\t\t<\/span>\n\t\t\t\t\t<\/a>\n\t\t<\/div>\n\t\t\t\t<\/div>\n\t\t\t\t<\/div>\n\t\t\t\t\t<\/div>\n\t\t<\/div>\n\t\t\t\t<div class=\"elementor-column elementor-col-33 elementor-inner-column elementor-element elementor-element-88308ea\" data-id=\"88308ea\" data-element_type=\"column\" data-settings=\"{&quot;background_background&quot;:&quot;classic&quot;}\">\n\t\t\t<div class=\"elementor-widget-wrap elementor-element-populated\">\n\t\t\t\t\t\t\t\t<div class=\"elementor-element elementor-element-9a5162e elementor-widget elementor-widget-heading\" data-id=\"9a5162e\" data-element_type=\"widget\" data-widget_type=\"heading.default\">\n\t\t\t\t<div class=\"elementor-widget-container\">\n\t\t\t<h2 class=\"elementor-heading-title elementor-size-default\">Programme d\u2019action du Gouvernement <br> 2021-2023<\/h2>\t\t<\/div>\n\t\t\t\t<\/div>\n\t\t\t\t<div class=\"elementor-element elementor-element-58be327 elementor-widget elementor-widget-image\" data-id=\"58be327\" data-element_type=\"widget\" data-widget_type=\"image.default\">\n\t\t\t\t<div class=\"elementor-widget-container\">\n\t\t\t\t\t\t\t\t\t\t\t\t\t\t\t<img loading=\"lazy\" decoding=\"async\" width=\"1024\" height=\"695\" src=\"https:\/\/risquepays.gouv.cd\/statistics\/wp-content\/uploads\/2022\/09\/programe_daction-du-gouv-1024x695.png\" class=\"attachment-large size-large wp-image-651\" alt=\"\" srcset=\"https:\/\/risquepays.gouv.cd\/statistics\/wp-content\/uploads\/2022\/09\/programe_daction-du-gouv-1024x695.png 1024w, https:\/\/risquepays.gouv.cd\/statistics\/wp-content\/uploads\/2022\/09\/programe_daction-du-gouv-300x204.png 300w, https:\/\/risquepays.gouv.cd\/statistics\/wp-content\/uploads\/2022\/09\/programe_daction-du-gouv-768x521.png 768w, https:\/\/risquepays.gouv.cd\/statistics\/wp-content\/uploads\/2022\/09\/programe_daction-du-gouv-1536x1043.png 1536w, https:\/\/risquepays.gouv.cd\/statistics\/wp-content\/uploads\/2022\/09\/programe_daction-du-gouv-2048x1390.png 2048w\" sizes=\"auto, (max-width: 1024px) 100vw, 1024px\" \/>\t\t\t\t\t\t\t\t\t\t\t\t\t\t\t<\/div>\n\t\t\t\t<\/div>\n\t\t\t\t<div class=\"elementor-element elementor-element-e10c0b9 elementor-align-center elementor-widget elementor-widget-button\" data-id=\"e10c0b9\" data-element_type=\"widget\" data-widget_type=\"button.default\">\n\t\t\t\t<div class=\"elementor-widget-container\">\n\t\t\t\t\t<div class=\"elementor-button-wrapper\">\n\t\t\t<a class=\"elementor-button elementor-button-link elementor-size-md\" href=\"https:\/\/risquepays.gouv.cd\/statistics\/wp-content\/uploads\/2022\/09\/Primature-Programme-dactions-du-gouvernement-2021-2023.pdf\">\n\t\t\t\t\t\t<span class=\"elementor-button-content-wrapper\">\n\t\t\t\t\t\t<span class=\"elementor-button-text\">T\u00e9l\u00e9chargement <\/span>\n\t\t<\/span>\n\t\t\t\t\t<\/a>\n\t\t<\/div>\n\t\t\t\t<\/div>\n\t\t\t\t<\/div>\n\t\t\t\t\t<\/div>\n\t\t<\/div>\n\t\t\t\t<div class=\"elementor-column elementor-col-33 elementor-inner-column elementor-element elementor-element-18657a0\" data-id=\"18657a0\" data-element_type=\"column\" data-settings=\"{&quot;background_background&quot;:&quot;classic&quot;}\">\n\t\t\t<div class=\"elementor-widget-wrap elementor-element-populated\">\n\t\t\t\t\t\t\t\t<div class=\"elementor-element elementor-element-321d1e1 elementor-widget elementor-widget-heading\" data-id=\"321d1e1\" data-element_type=\"widget\" data-widget_type=\"heading.default\">\n\t\t\t\t<div class=\"elementor-widget-container\">\n\t\t\t<h2 class=\"elementor-heading-title elementor-size-default\">Programme de de\u0301veloppement local des 145 territoires<\/h2>\t\t<\/div>\n\t\t\t\t<\/div>\n\t\t\t\t<div class=\"elementor-element elementor-element-b0447d6 elementor-widget elementor-widget-image\" data-id=\"b0447d6\" data-element_type=\"widget\" data-widget_type=\"image.default\">\n\t\t\t\t<div class=\"elementor-widget-container\">\n\t\t\t\t\t\t\t\t\t\t\t\t\t\t\t<img loading=\"lazy\" decoding=\"async\" width=\"1024\" height=\"861\" src=\"https:\/\/risquepays.gouv.cd\/statistics\/wp-content\/uploads\/2022\/09\/Programme-de-de\u0301veloppement-local-des-145-territoires-1024x861.png\" class=\"attachment-large size-large wp-image-653\" alt=\"\" srcset=\"https:\/\/risquepays.gouv.cd\/statistics\/wp-content\/uploads\/2022\/09\/Programme-de-de\u0301veloppement-local-des-145-territoires-1024x861.png 1024w, https:\/\/risquepays.gouv.cd\/statistics\/wp-content\/uploads\/2022\/09\/Programme-de-de\u0301veloppement-local-des-145-territoires-300x252.png 300w, https:\/\/risquepays.gouv.cd\/statistics\/wp-content\/uploads\/2022\/09\/Programme-de-de\u0301veloppement-local-des-145-territoires-768x645.png 768w, https:\/\/risquepays.gouv.cd\/statistics\/wp-content\/uploads\/2022\/09\/Programme-de-de\u0301veloppement-local-des-145-territoires.png 1228w\" sizes=\"auto, (max-width: 1024px) 100vw, 1024px\" \/>\t\t\t\t\t\t\t\t\t\t\t\t\t\t\t<\/div>\n\t\t\t\t<\/div>\n\t\t\t\t<div class=\"elementor-element elementor-element-a90ccfc elementor-align-center elementor-widget elementor-widget-button\" data-id=\"a90ccfc\" data-element_type=\"widget\" data-widget_type=\"button.default\">\n\t\t\t\t<div class=\"elementor-widget-container\">\n\t\t\t\t\t<div class=\"elementor-button-wrapper\">\n\t\t\t<a class=\"elementor-button elementor-button-link elementor-size-md\" href=\"https:\/\/risquepays.gouv.cd\/statistics\/wp-content\/uploads\/2022\/09\/Min-Plan-Programme-de-developpement-local-des-145T-Mai-2022.pdf\">\n\t\t\t\t\t\t<span class=\"elementor-button-content-wrapper\">\n\t\t\t\t\t\t<span class=\"elementor-button-text\">T\u00e9l\u00e9chargement <\/span>\n\t\t<\/span>\n\t\t\t\t\t<\/a>\n\t\t<\/div>\n\t\t\t\t<\/div>\n\t\t\t\t<\/div>\n\t\t\t\t\t<\/div>\n\t\t<\/div>\n\t\t\t\t\t\t\t<\/div>\n\t\t<\/section>\n\t\t\t\t<section class=\"elementor-section elementor-inner-section elementor-element elementor-element-7889c4c elementor-section-full_width elementor-section-height-default elementor-section-height-default\" data-id=\"7889c4c\" data-element_type=\"section\">\n\t\t\t\t\t\t<div class=\"elementor-container elementor-column-gap-no\">\n\t\t\t\t\t<div class=\"elementor-column elementor-col-33 elementor-inner-column elementor-element elementor-element-5dad29d\" data-id=\"5dad29d\" data-element_type=\"column\" data-settings=\"{&quot;background_background&quot;:&quot;classic&quot;}\">\n\t\t\t<div class=\"elementor-widget-wrap elementor-element-populated\">\n\t\t\t\t\t\t\t\t<div class=\"elementor-element elementor-element-3a5fae3 elementor-widget elementor-widget-heading\" data-id=\"3a5fae3\" data-element_type=\"widget\" data-widget_type=\"heading.default\">\n\t\t\t\t<div class=\"elementor-widget-container\">\n\t\t\t<h2 class=\"elementor-heading-title elementor-size-default\">Strate\u0301gie nationale de lutte contre la corruption 2022-2026<\/h2>\t\t<\/div>\n\t\t\t\t<\/div>\n\t\t\t\t<div class=\"elementor-element elementor-element-e8dce6e elementor-widget elementor-widget-image\" data-id=\"e8dce6e\" data-element_type=\"widget\" data-widget_type=\"image.default\">\n\t\t\t\t<div class=\"elementor-widget-container\">\n\t\t\t\t\t\t\t\t\t\t\t\t\t\t\t<img loading=\"lazy\" decoding=\"async\" width=\"1024\" height=\"554\" src=\"https:\/\/risquepays.gouv.cd\/statistics\/wp-content\/uploads\/2022\/09\/Strate\u0301gie-nationale-de-lutte-contre-la-corruption-2022-2026-1024x554.png\" class=\"attachment-large size-large wp-image-657\" alt=\"\" srcset=\"https:\/\/risquepays.gouv.cd\/statistics\/wp-content\/uploads\/2022\/09\/Strate\u0301gie-nationale-de-lutte-contre-la-corruption-2022-2026-1024x554.png 1024w, https:\/\/risquepays.gouv.cd\/statistics\/wp-content\/uploads\/2022\/09\/Strate\u0301gie-nationale-de-lutte-contre-la-corruption-2022-2026-300x162.png 300w, https:\/\/risquepays.gouv.cd\/statistics\/wp-content\/uploads\/2022\/09\/Strate\u0301gie-nationale-de-lutte-contre-la-corruption-2022-2026-768x415.png 768w, https:\/\/risquepays.gouv.cd\/statistics\/wp-content\/uploads\/2022\/09\/Strate\u0301gie-nationale-de-lutte-contre-la-corruption-2022-2026.png 1220w\" sizes=\"auto, (max-width: 1024px) 100vw, 1024px\" \/>\t\t\t\t\t\t\t\t\t\t\t\t\t\t\t<\/div>\n\t\t\t\t<\/div>\n\t\t\t\t<div class=\"elementor-element elementor-element-41a096d elementor-align-center elementor-widget elementor-widget-button\" data-id=\"41a096d\" data-element_type=\"widget\" data-widget_type=\"button.default\">\n\t\t\t\t<div class=\"elementor-widget-container\">\n\t\t\t\t\t<div class=\"elementor-button-wrapper\">\n\t\t\t<a class=\"elementor-button elementor-button-link elementor-size-md\" href=\"https:\/\/risquepays.gouv.cd\/statistics\/wp-content\/uploads\/2022\/09\/APLC-Strategie-nationale-de-lutte-contre-la-corruption.pdf\">\n\t\t\t\t\t\t<span class=\"elementor-button-content-wrapper\">\n\t\t\t\t\t\t<span class=\"elementor-button-text\">T\u00e9l\u00e9chargement <\/span>\n\t\t<\/span>\n\t\t\t\t\t<\/a>\n\t\t<\/div>\n\t\t\t\t<\/div>\n\t\t\t\t<\/div>\n\t\t\t\t\t<\/div>\n\t\t<\/div>\n\t\t\t\t<div class=\"elementor-column elementor-col-33 elementor-inner-column elementor-element elementor-element-fc27df1\" data-id=\"fc27df1\" data-element_type=\"column\" data-settings=\"{&quot;background_background&quot;:&quot;classic&quot;}\">\n\t\t\t<div class=\"elementor-widget-wrap elementor-element-populated\">\n\t\t\t\t\t\t\t\t<div class=\"elementor-element elementor-element-a3c5fa9 elementor-widget elementor-widget-heading\" data-id=\"a3c5fa9\" data-element_type=\"widget\" data-widget_type=\"heading.default\">\n\t\t\t\t<div class=\"elementor-widget-container\">\n\t\t\t<h2 class=\"elementor-heading-title elementor-size-default\">Guide <br>de l'investisseur<\/h2>\t\t<\/div>\n\t\t\t\t<\/div>\n\t\t\t\t<div class=\"elementor-element elementor-element-4db407b elementor-widget elementor-widget-image\" data-id=\"4db407b\" data-element_type=\"widget\" data-widget_type=\"image.default\">\n\t\t\t\t<div class=\"elementor-widget-container\">\n\t\t\t\t\t\t\t\t\t\t\t\t\t\t\t<img loading=\"lazy\" decoding=\"async\" width=\"557\" height=\"791\" src=\"https:\/\/risquepays.gouv.cd\/statistics\/wp-content\/uploads\/2022\/09\/image002.png\" class=\"attachment-large size-large wp-image-1938\" alt=\"\" srcset=\"https:\/\/risquepays.gouv.cd\/statistics\/wp-content\/uploads\/2022\/09\/image002.png 557w, https:\/\/risquepays.gouv.cd\/statistics\/wp-content\/uploads\/2022\/09\/image002-211x300.png 211w\" sizes=\"auto, (max-width: 557px) 100vw, 557px\" \/>\t\t\t\t\t\t\t\t\t\t\t\t\t\t\t<\/div>\n\t\t\t\t<\/div>\n\t\t\t\t<div class=\"elementor-element elementor-element-710780f elementor-align-center elementor-widget elementor-widget-button\" data-id=\"710780f\" data-element_type=\"widget\" data-widget_type=\"button.default\">\n\t\t\t\t<div class=\"elementor-widget-container\">\n\t\t\t\t\t<div class=\"elementor-button-wrapper\">\n\t\t\t<a class=\"elementor-button elementor-button-link elementor-size-md\" href=\"https:\/\/risquepays.gouv.cd\/statistics\/wp-content\/uploads\/2022\/09\/ANAPI-Guide-de-linvestisseur-Novembre-2020.pdf\">\n\t\t\t\t\t\t<span class=\"elementor-button-content-wrapper\">\n\t\t\t\t\t\t<span class=\"elementor-button-text\">T\u00e9l\u00e9chargement <\/span>\n\t\t<\/span>\n\t\t\t\t\t<\/a>\n\t\t<\/div>\n\t\t\t\t<\/div>\n\t\t\t\t<\/div>\n\t\t\t\t\t<\/div>\n\t\t<\/div>\n\t\t\t\t<div class=\"elementor-column elementor-col-33 elementor-inner-column elementor-element elementor-element-985be89\" data-id=\"985be89\" data-element_type=\"column\" data-settings=\"{&quot;background_background&quot;:&quot;classic&quot;}\">\n\t\t\t<div class=\"elementor-widget-wrap\">\n\t\t\t\t\t\t\t\t\t<\/div>\n\t\t<\/div>\n\t\t\t\t\t\t\t<\/div>\n\t\t<\/section>\n\t\t\t\t\t<\/div>\n\t\t<\/div>\n\t\t\t\t\t\t\t<\/div>\n\t\t<\/section>\n\t\t\t\t<section class=\"elementor-section elementor-top-section elementor-element elementor-element-81676e7 elementor-section-boxed elementor-section-height-default elementor-section-height-default\" data-id=\"81676e7\" data-element_type=\"section\">\n\t\t\t\t\t\t<div class=\"elementor-container elementor-column-gap-default\">\n\t\t\t\t\t<div class=\"elementor-column elementor-col-100 elementor-top-column elementor-element elementor-element-4cbd661\" data-id=\"4cbd661\" data-element_type=\"column\">\n\t\t\t<div class=\"elementor-widget-wrap elementor-element-populated\">\n\t\t\t\t\t\t\t\t<div class=\"elementor-element elementor-element-cc972d7 elementor-widget elementor-widget-spacer\" data-id=\"cc972d7\" data-element_type=\"widget\" data-widget_type=\"spacer.default\">\n\t\t\t\t<div class=\"elementor-widget-container\">\n\t\t\t<style>\/*! elementor - v3.15.0 - 09-08-2023 *\/\n.elementor-column .elementor-spacer-inner{height:var(--spacer-size)}.e-con{--container-widget-width:100%}.e-con-inner>.elementor-widget-spacer,.e-con>.elementor-widget-spacer{width:var(--container-widget-width,var(--spacer-size));--align-self:var(--container-widget-align-self,initial);--flex-shrink:0}.e-con-inner>.elementor-widget-spacer>.elementor-widget-container,.e-con-inner>.elementor-widget-spacer>.elementor-widget-container>.elementor-spacer,.e-con>.elementor-widget-spacer>.elementor-widget-container,.e-con>.elementor-widget-spacer>.elementor-widget-container>.elementor-spacer{height:100%}.e-con-inner>.elementor-widget-spacer>.elementor-widget-container>.elementor-spacer>.elementor-spacer-inner,.e-con>.elementor-widget-spacer>.elementor-widget-container>.elementor-spacer>.elementor-spacer-inner{height:var(--container-widget-height,var(--spacer-size))}<\/style>\t\t<div class=\"elementor-spacer\">\n\t\t\t<div class=\"elementor-spacer-inner\"><\/div>\n\t\t<\/div>\n\t\t\t\t<\/div>\n\t\t\t\t<\/div>\n\t\t\t\t\t<\/div>\n\t\t<\/div>\n\t\t\t\t\t\t\t<\/div>\n\t\t<\/section>\n\t\t\t\t\t\t\t<\/div>\n\t\t","protected":false},"excerpt":{"rendered":"<p>Documents cadres et autres rapports strat\u00e9giques Plan National Strate\u0301gique de De\u0301veloppement 2019-2023 T\u00e9l\u00e9chargement Programme d\u2019action du Gouvernement 2021-2023 T\u00e9l\u00e9chargement Programme de de\u0301veloppement local des 145 territoires T\u00e9l\u00e9chargement Strate\u0301gie nationale de lutte contre la corruption 2022-2026 T\u00e9l\u00e9chargement Guide de l&rsquo;investisseur T\u00e9l\u00e9chargement<\/p>\n","protected":false},"author":5,"featured_media":0,"parent":0,"menu_order":0,"comment_status":"closed","ping_status":"closed","template":"","meta":{"_mi_skip_tracking":false,"_monsterinsights_sitenote_active":false,"_monsterinsights_sitenote_note":"","_monsterinsights_sitenote_category":0,"site-sidebar-layout":"default","site-content-layout":"default","ast-global-header-display":"","ast-banner-title-visibility":"","ast-main-header-display":"","ast-hfb-above-header-display":"","ast-hfb-below-header-display":"","ast-hfb-mobile-header-display":"","site-post-title":"disabled","ast-breadcrumbs-content":"","ast-featured-img":"","footer-sml-layout":"","theme-transparent-header-meta":"","adv-header-id-meta":"","stick-header-meta":"","header-above-stick-meta":"","header-main-stick-meta":"","header-below-stick-meta":"","footnotes":""},"class_list":["post-493","page","type-page","status-publish","hentry"],"acf":[],"aioseo_notices":[],"_links":{"self":[{"href":"https:\/\/risquepays.gouv.cd\/statistics\/index.php\/wp-json\/wp\/v2\/pages\/493","targetHints":{"allow":["GET"]}}],"collection":[{"href":"https:\/\/risquepays.gouv.cd\/statistics\/index.php\/wp-json\/wp\/v2\/pages"}],"about":[{"href":"https:\/\/risquepays.gouv.cd\/statistics\/index.php\/wp-json\/wp\/v2\/types\/page"}],"author":[{"embeddable":true,"href":"https:\/\/risquepays.gouv.cd\/statistics\/index.php\/wp-json\/wp\/v2\/users\/5"}],"replies":[{"embeddable":true,"href":"https:\/\/risquepays.gouv.cd\/statistics\/index.php\/wp-json\/wp\/v2\/comments?post=493"}],"version-history":[{"count":155,"href":"https:\/\/risquepays.gouv.cd\/statistics\/index.php\/wp-json\/wp\/v2\/pages\/493\/revisions"}],"predecessor-version":[{"id":7269,"href":"https:\/\/risquepays.gouv.cd\/statistics\/index.php\/wp-json\/wp\/v2\/pages\/493\/revisions\/7269"}],"wp:attachment":[{"href":"https:\/\/risquepays.gouv.cd\/statistics\/index.php\/wp-json\/wp\/v2\/media?parent=493"}],"curies":[{"name":"wp","href":"https:\/\/api.w.org\/{rel}","templated":true}]}}